{"id":51,"date":"2019-07-15T09:03:36","date_gmt":"2019-07-15T09:03:36","guid":{"rendered":"https:\/\/saissegura.es\/index.php\/home\/"},"modified":"2025-05-02T14:36:12","modified_gmt":"2025-05-02T14:36:12","slug":"home","status":"publish","type":"page","link":"https:\/\/saissegura.es\/","title":{"rendered":"Inicio"},"content":{"rendered":"\t\t<div data-elementor-type=\"wp-post\" data-elementor-id=\"51\" class=\"elementor elementor-51\">\n\t\t\t\t\t\t\t\t\t<section class=\"elementor-section elementor-top-section elementor-element elementor-element-18b7c14 elementor-section-boxed elementor-section-height-default elementor-section-height-default\" data-id=\"18b7c14\" data-element_type=\"section\" data-settings=\"{&quot;background_background&quot;:&quot;classic&quot;}\">\n\t\t\t\t\t\t\t<div class=\"elementor-background-overlay\"><\/div>\n\t\t\t\t\t\t\t<div class=\"elementor-container elementor-column-gap-default\">\n\t\t\t\t\t<div class=\"aux-parallax-section elementor-column elementor-col-100 elementor-top-column elementor-element elementor-element-8dd7e96\" data-id=\"8dd7e96\" data-element_type=\"column\" data-settings=\"{&quot;background_background&quot;:&quot;classic&quot;}\">\n\t\t\t<div class=\"elementor-widget-wrap elementor-element-populated\">\n\t\t\t\t\t<div class=\"elementor-background-overlay\"><\/div>\n\t\t\t\t\t\t\t\t<div class=\"elementor-element elementor-element-0abe5d9 elementor-widget elementor-widget-spacer\" data-id=\"0abe5d9\" data-element_type=\"widget\" data-widget_type=\"spacer.default\">\n\t\t\t\t<div class=\"elementor-widget-container\">\n\t\t\t\t\t<div class=\"elementor-spacer\">\n\t\t\t<div class=\"elementor-spacer-inner\"><\/div>\n\t\t<\/div>\n\t\t\t\t<\/div>\n\t\t\t\t<\/div>\n\t\t\t\t\t<\/div>\n\t\t<\/div>\n\t\t\t\t\t\t\t<\/div>\n\t\t<\/section>\n\t\t\t\t<section class=\"elementor-section elementor-top-section elementor-element elementor-element-89f623e elementor-section-boxed elementor-section-height-default elementor-section-height-default\" data-id=\"89f623e\" data-element_type=\"section\" id=\"services\" data-settings=\"{&quot;background_background&quot;:&quot;classic&quot;}\">\n\t\t\t\t\t\t<div class=\"elementor-container elementor-column-gap-no\">\n\t\t\t\t\t<div class=\"aux-parallax-section elementor-column elementor-col-100 elementor-top-column elementor-element elementor-element-6be7f38\" data-id=\"6be7f38\" data-element_type=\"column\">\n\t\t\t<div class=\"elementor-widget-wrap elementor-element-populated\">\n\t\t\t\t\t\t\t\t<div class=\"elementor-element elementor-element-709ac5c elementor-widget elementor-widget-depicter_slider\" data-id=\"709ac5c\" data-element_type=\"widget\" data-widget_type=\"depicter_slider.default\">\n\t\t\t\t<div class=\"elementor-widget-container\">\n\t\t\t<style id=\"depicter-39-inline-pre-css\">\n\n.depicter-39:not(.depicter-ready){\n\theight:550px;\n}\n\n\/***** Tablet *****\/\n@media screen and (max-width: 1024px){\n\n.depicter-39:not(.depicter-ready){\n\theight:550px;\n}\n\n}\n\/***** Mobile *****\/\n@media screen and (max-width: 767px){\n\n.depicter-39:not(.depicter-ready){\n\theight:550px;\n}\n\n}\n<\/style>\n<div id=\"depicter-39\" class=\"depicter depicter-document depicter-revert depicter-39 depicter-layout-fullwidth\">\n\n<div class=\"depicter-loading-container depicter-loading dotFlashing-dark\"><div class=\"depicter-loading-dark depicter-dot-flashing\">\n   <span><\/span>\n   <span><\/span>\n   <span><\/span>\n<\/div><\/div>\n<div id=\"depicter-39-section-1\" class=\"depicter-section depicter-39-section-1\" data-name=\"Section 1\">\n<img decoding=\"async\" src=\"data:image\/gif;base64,R0lGODlhAQABAIAAAAAAAP\/\/\/yH5BAEAAAAALAAAAAABAAEAAAIBRAA7\" data-ken-burns=\"{'scale':1,'duration':'5000','focalPoint':{'x':0.5,'y':0.5},'easing':'linear'}\" data-tablet-ken-burns=\"{'scale':1,'duration':'5000','focalPoint':{'x':0.5,'y':0.5},'easing':'linear'}\" data-mobile-ken-burns=\"{'scale':1,'duration':'5000','focalPoint':{'x':0.5,'y':0.5},'easing':'linear'}\" class=\"depicter-bg\" data-depicter-src=\"https:\/\/saissegura.es\/wp-content\/uploads\/2024\/07\/IMG_2799.jpg\" alt=\"\" data-depicter-srcset=\"https:\/\/saissegura.es\/wp-content\/uploads\/2024\/07\/IMG_2799.jpg 640w, https:\/\/saissegura.es\/wp-content\/uploads\/2024\/07\/IMG_2799-200x150.jpg 200w\" data-object-fit=\"custom,,cover\" data-crop=\"{'focalPoint':{'x':0.5,'y':0.5},'mediaSize':{'width':1200,'height':900}}\" data-tablet-crop=\"{'focalPoint':{'x':0.5,'y':0.5},'mediaSize':{'width':1024,'height':768}}\" data-mobile-crop=\"{'focalPoint':{'x':0.5,'y':0.5},'mediaSize':{'width':733.3333333333333,'height':550}}\" \/>\n\n\n<h1 data-animation-in=\"{'direction':'right','easing':'easeOutExpo','duration':2500,'movement':{'value':30,'unit':'px'},'delay':1000,'type':'move'}\" id=\"depicter-39-element-3\" class=\"depicter-element depicter-layer depicter-39-element-3\" data-type=\"text\" data-wrap=\"true\" data-name=\"Text 1\" data-offset=\"x:107px;y:155px;origin:tl\" data-tablet-offset=\"x:107px;y:154px;origin:tl\" data-mobile-offset=\"x:12px;y:42px;origin:tl\" data-width=\"962px,820px,348px\" data-height=\"auto,auto,auto\" data-responsive-scale=\"true,,\">Moviendo metal con eficiencia:<br>Tu Empresa de Confianza de Suministro y Transporte<\/h1>\n\n<div data-animation-in=\"{'direction':'right','easing':'easeOutExpo','duration':2500,'movement':{'value':30,'unit':'px'},'delay':1000,'type':'move'}\" id=\"depicter-39-element-4\" class=\"depicter-element depicter-layer depicter-39-element-4\" data-type=\"button\" data-wrap=\"true\" data-name=\"Button 1\" data-offset=\"x:107px;y:390px;origin:tl\" data-mobile-offset=\"x:12px;y:265px;origin:tl\" data-actions=\"[['openURL','click',0,{'path':'https:\\\/\\\/saissegura.es\\\/index.php\\\/contacto\\\/','target':'_blank'}]]\" data-width=\"152px,,152px\" data-height=\"59px,,59px\" data-responsive-scale=\"true,,\">Contacto<\/div><\/div>\n\n<div id=\"depicter-39-section-5\" class=\"depicter-section depicter-39-section-5\" data-name=\"Slide 1\">\n<img decoding=\"async\" src=\"data:image\/gif;base64,R0lGODlhAQABAIAAAAAAAP\/\/\/yH5BAEAAAAALAAAAAABAAEAAAIBRAA7\" class=\"depicter-bg\" data-depicter-src=\"https:\/\/saissegura.es\/wp-content\/uploads\/2024\/07\/IMG_2762-rotated.jpg\" alt=\"\" data-depicter-srcset=\"https:\/\/saissegura.es\/wp-content\/uploads\/2024\/07\/IMG_2762-rotated.jpg 480w, https:\/\/saissegura.es\/wp-content\/uploads\/2024\/07\/IMG_2762-200x267.jpg 200w\" \/>\n\n\n<div data-animation-in=\"{'direction':'right','easing':'easeOutExpo','duration':2500,'movement':{'value':30,'unit':'px'},'delay':1000,'type':'move'}\" id=\"depicter-39-element-7\" class=\"depicter-element depicter-layer depicter-39-element-7\" data-type=\"button\" data-wrap=\"true\" data-name=\"Button 2\" data-offset=\"x:107px;y:390px;origin:tl\" data-mobile-offset=\"x:12px;y:225px;origin:tl\" data-actions=\"[['openURL','click',0,{'path':'https:\\\/\\\/saissegura.es\\\/index.php\\\/presupuesto\\\/','target':'_blank'}]]\" data-width=\"152px,,152px\" data-height=\"59px,,59px\" data-responsive-scale=\"true,,\">Presupuesto<\/div>\n<h1 data-animation-in=\"{'direction':'right','easing':'easeOutExpo','duration':2500,'movement':{'value':30,'unit':'px'},'delay':1000,'type':'move'}\" id=\"depicter-39-element-12\" class=\"depicter-element depicter-layer depicter-39-element-12\" data-type=\"text\" data-wrap=\"true\" data-name=\"Text 3\" data-offset=\"x:107px;y:125px;origin:tl\" data-tablet-offset=\"x:107px;y:154px;origin:tl\" data-mobile-offset=\"x:12px;y:42px;origin:tl\" data-width=\"962px,820px,348px\" data-height=\"auto,auto,auto\" data-responsive-scale=\"true,,\">Tu Enlace Vital en la Cadena de Suministro: Transporte y Log\u00edstica de Materiales Metal\u00fargicos<\/h1>\n<\/div>\n<\/div>\n<script>\n(window.depicterSetups = window.depicterSetups || []).push(function(){\n\tconst dpPlayer = Depicter.setup('.depicter-39',\n\t\t{\"width\":[\"1200\",\"1024\",\"360\"],\"height\":[\"550\",\"550\",\"550\"],\"keepAspectRatio\":true,\"preload\":0,\"layout\":\"fullwidth\",\"rtl\":false,\"initAfterAppear\":false,\"view\":\"basic\",\"viewOptions\":{\"loop\":true},\"slideshow\":{\"autostart\":true},\"mouseSwipe\":true,\"touchSwipe\":true}\n\t);\n});\n<\/script>\t\t<\/div>\n\t\t\t\t<\/div>\n\t\t\t\t\t<\/div>\n\t\t<\/div>\n\t\t\t\t\t\t\t<\/div>\n\t\t<\/section>\n\t\t\t\t<section class=\"elementor-section elementor-top-section elementor-element elementor-element-624e418 elementor-section-boxed elementor-section-height-default elementor-section-height-default\" data-id=\"624e418\" data-element_type=\"section\" data-settings=\"{&quot;background_background&quot;:&quot;classic&quot;}\">\n\t\t\t\t\t\t<div class=\"elementor-container elementor-column-gap-no\">\n\t\t\t\t\t<div class=\"aux-parallax-section elementor-column elementor-col-100 elementor-top-column elementor-element elementor-element-c2d7e3d\" data-id=\"c2d7e3d\" data-element_type=\"column\">\n\t\t\t<div class=\"elementor-widget-wrap elementor-element-populated\">\n\t\t\t\t\t\t\t\t<div class=\"elementor-element elementor-element-8d9a4da aux-appear-watch-animation aux-fade-in-up elementor-widget elementor-widget-aux_modern_heading\" data-id=\"8d9a4da\" data-element_type=\"widget\" data-widget_type=\"aux_modern_heading.default\">\n\t\t\t\t<div class=\"elementor-widget-container\">\n\t\t\t<section class=\"aux-widget-modern-heading\">\n            <div class=\"aux-widget-inner\"><h2 class=\"aux-modern-heading-primary\">Productos<\/h2><\/div>\n        <\/section>\t\t<\/div>\n\t\t\t\t<\/div>\n\t\t\t\t<div class=\"elementor-element elementor-element-7df18cd elementor-arrows-position-inside elementor-pagination-position-outside elementor-widget elementor-widget-image-carousel\" data-id=\"7df18cd\" data-element_type=\"widget\" data-settings=\"{&quot;navigation&quot;:&quot;both&quot;,&quot;autoplay&quot;:&quot;yes&quot;,&quot;pause_on_hover&quot;:&quot;yes&quot;,&quot;pause_on_interaction&quot;:&quot;yes&quot;,&quot;autoplay_speed&quot;:5000,&quot;infinite&quot;:&quot;yes&quot;,&quot;speed&quot;:500}\" data-widget_type=\"image-carousel.default\">\n\t\t\t\t<div class=\"elementor-widget-container\">\n\t\t\t\t\t<div class=\"elementor-image-carousel-wrapper swiper-container\" dir=\"ltr\">\n\t\t\t<div class=\"elementor-image-carousel swiper-wrapper\" aria-live=\"off\">\n\t\t\t\t\t\t\t\t<div class=\"swiper-slide\" role=\"group\" aria-roledescription=\"slide\" aria-label=\"1 de 4\"><figure class=\"swiper-slide-inner\"><img decoding=\"async\" class=\"swiper-slide-image\" src=\"https:\/\/saissegura.es\/wp-content\/uploads\/2024\/07\/IMG_2762-300x300.jpg\" alt=\"Gelosia\" \/><figcaption class=\"elementor-image-carousel-caption\">Gelosia<\/figcaption><\/figure><\/div><div class=\"swiper-slide\" role=\"group\" aria-roledescription=\"slide\" aria-label=\"2 de 4\"><figure class=\"swiper-slide-inner\"><img decoding=\"async\" class=\"swiper-slide-image\" src=\"https:\/\/saissegura.es\/wp-content\/uploads\/2024\/07\/IMG_2799-300x300.jpg\" alt=\"Corrugado\" \/><figcaption class=\"elementor-image-carousel-caption\">Corrugado<\/figcaption><\/figure><\/div><div class=\"swiper-slide\" role=\"group\" aria-roledescription=\"slide\" aria-label=\"3 de 4\"><figure class=\"swiper-slide-inner\"><img decoding=\"async\" class=\"swiper-slide-image\" src=\"https:\/\/saissegura.es\/wp-content\/uploads\/2024\/07\/IMG_2804-300x300.jpg\" alt=\"Encarretado\" \/><figcaption class=\"elementor-image-carousel-caption\">Encarretado<\/figcaption><\/figure><\/div><div class=\"swiper-slide\" role=\"group\" aria-roledescription=\"slide\" aria-label=\"4 de 4\"><figure class=\"swiper-slide-inner\"><img decoding=\"async\" class=\"swiper-slide-image\" src=\"https:\/\/saissegura.es\/wp-content\/uploads\/2024\/01\/varillas-o-barras-acero-utilizadas-reforzar-hormigon-almacen-taller-metalurgia-empresa-industrial-moderna-1-300x300.jpg\" alt=\"Mallas\" \/><figcaption class=\"elementor-image-carousel-caption\">Mallas<\/figcaption><\/figure><\/div>\t\t\t<\/div>\n\t\t\t\t\t\t\t\t\t\t\t\t<div class=\"elementor-swiper-button elementor-swiper-button-prev\" role=\"button\" tabindex=\"0\">\n\t\t\t\t\t\t<i aria-hidden=\"true\" class=\"eicon-chevron-left\"><\/i>\t\t\t\t\t<\/div>\n\t\t\t\t\t<div class=\"elementor-swiper-button elementor-swiper-button-next\" role=\"button\" tabindex=\"0\">\n\t\t\t\t\t\t<i aria-hidden=\"true\" class=\"eicon-chevron-right\"><\/i>\t\t\t\t\t<\/div>\n\t\t\t\t\n\t\t\t\t\t\t\t\t\t<div class=\"swiper-pagination\"><\/div>\n\t\t\t\t\t\t\t\t\t<\/div>\n\t\t\t\t<\/div>\n\t\t\t\t<\/div>\n\t\t\t\t\t<\/div>\n\t\t<\/div>\n\t\t\t\t\t\t\t<\/div>\n\t\t<\/section>\n\t\t\t\t<section class=\"elementor-section elementor-top-section elementor-element elementor-element-810b848 elementor-section-boxed elementor-section-height-default elementor-section-height-default\" data-id=\"810b848\" data-element_type=\"section\" id=\"Get-a-quote\" data-settings=\"{&quot;background_background&quot;:&quot;classic&quot;}\">\n\t\t\t\t\t\t<div class=\"elementor-container elementor-column-gap-default\">\n\t\t\t\t\t<div class=\"aux-parallax-section elementor-column elementor-col-50 elementor-top-column elementor-element elementor-element-df33e0c\" data-id=\"df33e0c\" data-element_type=\"column\" data-settings=\"{&quot;background_background&quot;:&quot;classic&quot;}\">\n\t\t\t<div class=\"elementor-widget-wrap elementor-element-populated\">\n\t\t\t\t\t\t\t\t<div class=\"elementor-element elementor-element-4784510 aux-appear-watch-animation aux-fade-in-up elementor-widget elementor-widget-aux_modern_heading\" data-id=\"4784510\" data-element_type=\"widget\" data-widget_type=\"aux_modern_heading.default\">\n\t\t\t\t<div class=\"elementor-widget-container\">\n\t\t\t<section class=\"aux-widget-modern-heading\">\n            <div class=\"aux-widget-inner\"><h2 class=\"aux-modern-heading-primary\">Cont\u00e1ctanos<\/h2><\/div>\n        <\/section>\t\t<\/div>\n\t\t\t\t<\/div>\n\t\t\t\t<div class=\"elementor-element elementor-element-ca748ab aux-appear-watch-animation aux-fade-in-up elementor-widget elementor-widget-aux_contact_form\" data-id=\"ca748ab\" data-element_type=\"widget\" data-widget_type=\"aux_contact_form.default\">\n\t\t\t\t<div class=\"elementor-widget-container\">\n\t\t\t<section class=\"widget-container aux-widget-contact-form aux-parent-aua79c2952\">            <div class=\"aux-col-wrapper aux-no-gutter\">\n            <!-- @TODO - The output for element here -->\n\n            \n<div class=\"wpcf7 no-js\" id=\"wpcf7-f69-o1\" lang=\"en-US\" dir=\"ltr\">\n<div class=\"screen-reader-response\"><p role=\"status\" aria-live=\"polite\" aria-atomic=\"true\"><\/p> <ul><\/ul><\/div>\n<form action=\"\/index.php\/wp-json\/wp\/v2\/pages\/51#wpcf7-f69-o1\" method=\"post\" class=\"wpcf7-form init\" aria-label=\"Contact form\" novalidate=\"novalidate\" data-status=\"init\">\n<div style=\"display: none;\">\n<input type=\"hidden\" name=\"_wpcf7\" value=\"69\" \/>\n<input type=\"hidden\" name=\"_wpcf7_version\" value=\"5.8.5\" \/>\n<input type=\"hidden\" name=\"_wpcf7_locale\" value=\"en_US\" \/>\n<input type=\"hidden\" name=\"_wpcf7_unit_tag\" value=\"wpcf7-f69-o1\" \/>\n<input type=\"hidden\" name=\"_wpcf7_container_post\" value=\"0\" \/>\n<input type=\"hidden\" name=\"_wpcf7_posted_data_hash\" value=\"\" \/>\n<input type=\"hidden\" name=\"_wpcf7_recaptcha_response\" value=\"\" \/>\n<\/div>\n<p><span class=\"wpcf7-form-control-wrap\" data-name=\"nombre\"><input size=\"40\" class=\"wpcf7-form-control wpcf7-text wpcf7-validates-as-required\" aria-required=\"true\" aria-invalid=\"false\" placeholder=\"Nombre*\" value=\"\" type=\"text\" name=\"nombre\" \/><\/span><br \/>\n<span class=\"wpcf7-form-control-wrap\" data-name=\"Email\"><input size=\"40\" class=\"wpcf7-form-control wpcf7-email wpcf7-validates-as-required wpcf7-text wpcf7-validates-as-email\" aria-required=\"true\" aria-invalid=\"false\" placeholder=\"Correo electr\u00f3nico*\" value=\"\" type=\"email\" name=\"Email\" \/><\/span><br \/>\n<span class=\"wpcf7-form-control-wrap\" data-name=\"asunto\"><input size=\"40\" class=\"wpcf7-form-control wpcf7-text wpcf7-validates-as-required\" aria-required=\"true\" aria-invalid=\"false\" placeholder=\"Asunto*\" value=\"\" type=\"text\" name=\"asunto\" \/><\/span><br \/>\n<span class=\"wpcf7-form-control-wrap\" data-name=\"mensaje\"><textarea cols=\"40\" rows=\"10\" class=\"wpcf7-form-control wpcf7-textarea wpcf7-validates-as-required\" aria-required=\"true\" aria-invalid=\"false\" placeholder=\"Mensaje*\" name=\"mensaje\"><\/textarea><\/span>\n<\/p>\n<p><span class=\"wpcf7-form-control-wrap\" data-name=\"acceptance-82\"><span class=\"wpcf7-form-control wpcf7-acceptance\"><span class=\"wpcf7-list-item\"><label><input type=\"checkbox\" name=\"acceptance-82\" value=\"1\" aria-invalid=\"false\" \/><span class=\"wpcf7-list-item-label\">He le\u00eddo y acepto <a href=\"https:\/\/saissegura.es\/index.php\/aviso-legal\/\" role=\"link\">aviso legal<\/a> y las <a href=\"https:\/\/saissegura.es\/index.php\/politica-de-privacitat\/\" role=\"link\">pol\u00edtica de privacidad.<\/a><\/span><\/label><\/span><\/span><\/span>\n<\/p>\n<span class=\"wpcf7-form-control-wrap recaptcha\" data-name=\"recaptcha\"><span data-sitekey=\"6Lf9hs8pAAAAAGF8uP0PMnU0Zl4MICppI64krYpb\" class=\"wpcf7-form-control wpcf7-recaptcha g-recaptcha\"><\/span>\r\n<noscript>\r\n\t<div class=\"grecaptcha-noscript\">\r\n\t\t<iframe src=\"https:\/\/www.google.com\/recaptcha\/api\/fallback?k=6Lf9hs8pAAAAAGF8uP0PMnU0Zl4MICppI64krYpb\" frameborder=\"0\" scrolling=\"no\" width=\"310\" height=\"430\">\r\n\t\t<\/iframe>\r\n\t\t<textarea name=\"g-recaptcha-response\" rows=\"3\" cols=\"40\" placeholder=\"reCaptcha Response Here\">\r\n\t\t<\/textarea>\r\n\t<\/div>\r\n<\/noscript>\r\n<\/span>\n<p><input class=\"wpcf7-form-control wpcf7-submit has-spinner\" type=\"submit\" value=\"Enviar\" \/>\n<\/p><div class=\"wpcf7-response-output\" aria-hidden=\"true\"><\/div>\n<\/form>\n<\/div>\n\n\n            <\/div><!-- aux-col-wrapper -->\n    <\/section><!-- widget-container -->\t\t<\/div>\n\t\t\t\t<\/div>\n\t\t\t\t\t<\/div>\n\t\t<\/div>\n\t\t\t\t<div class=\"aux-parallax-section elementor-column elementor-col-50 elementor-top-column elementor-element elementor-element-1a72983\" data-id=\"1a72983\" data-element_type=\"column\" data-settings=\"{&quot;background_background&quot;:&quot;classic&quot;}\">\n\t\t\t<div class=\"elementor-widget-wrap elementor-element-populated\">\n\t\t\t\t\t\t\t\t<div class=\"elementor-element elementor-element-02d8747 aux-appear-watch-animation aux-fade-in-down elementor-widget elementor-widget-aux_image\" data-id=\"02d8747\" data-element_type=\"widget\" data-widget_type=\"aux_image.default\">\n\t\t\t\t<div class=\"elementor-widget-container\">\n\t\t\t<section class=\"widget-container aux-widget-image aux-alignnone aux-parent-audda26fb4\">\n    <div class=\"aux-media-hint-frame \">\n        <div class=\"aux-media-image \" >\n        \n            \n\n            \n            <img fetchpriority=\"high\" decoding=\"async\" width=\"870\" height=\"667\" src=\"image\/gif;base64,R0lGODlhAQABAIAAAAAAAP\/\/\/yH5BAEAAAAALAAAAAABAAEAAAIBRAA7\" class=\"aux-attachment aux-featured-image aux-attachment-id-337 aux-preload aux-blank\" alt=\"hombre-tiro-completo-caminando-flota-camiones (1)\" data-ratio=\"1.16\" data-original-w=\"1000\" sizes=\"auto\" data-srcset=\"https:\/\/saissegura.es\/wp-content\/uploads\/2024\/01\/hombre-tiro-completo-caminando-flota-camiones-1-150x129.jpg 150w,https:\/\/saissegura.es\/wp-content\/uploads\/2024\/01\/hombre-tiro-completo-caminando-flota-camiones-1-300x259.jpg 300w,https:\/\/saissegura.es\/wp-content\/uploads\/2024\/01\/hombre-tiro-completo-caminando-flota-camiones-1-768x662.jpg 768w,https:\/\/saissegura.es\/wp-content\/uploads\/2024\/01\/hombre-tiro-completo-caminando-flota-camiones-1-870x750.jpg 870w\" data-src=\"https:\/\/saissegura.es\/wp-content\/uploads\/2024\/01\/hombre-tiro-completo-caminando-flota-camiones-1-870x750.jpg\" \/>            \n                <\/div>\n    <\/div>\n\n<\/section><!-- widget-container -->\t\t<\/div>\n\t\t\t\t<\/div>\n\t\t\t\t\t<\/div>\n\t\t<\/div>\n\t\t\t\t\t\t\t<\/div>\n\t\t<\/section>\n\t\t\t\t\t\t\t<\/div>\n\t\t","protected":false},"excerpt":{"rendered":"<p>Moviendo metal con eficiencia:Tu Empresa de Confianza de Suministro y Transporte Contacto Presupuesto Tu Enlace Vital en la Cadena de Suministro: Transporte y Log\u00edstica de Materiales Metal\u00fargicos Productos Gelosia Corrugado Encarretado Mallas Cont\u00e1ctanos He le\u00eddo y acepto aviso legal y las pol\u00edtica de privacidad.<\/p>\n","protected":false},"author":1,"featured_media":0,"parent":0,"menu_order":0,"comment_status":"closed","ping_status":"closed","template":"templates\/page-builder-content.php","meta":{"_sitemap_exclude":false,"_sitemap_priority":"","_sitemap_frequency":"","footnotes":""},"yoast_head":"<!-- This site is optimized with the Yoast SEO plugin v21.7 - https:\/\/yoast.com\/wordpress\/plugins\/seo\/ -->\n<title>Inicio - Sais Segura S.L.<\/title>\n<meta name=\"robots\" content=\"index, follow, max-snippet:-1, max-image-preview:large, max-video-preview:-1\" \/>\n<link rel=\"canonical\" href=\"https:\/\/saissegura.es\/\" \/>\n<meta property=\"og:locale\" content=\"es_ES\" \/>\n<meta property=\"og:type\" content=\"article\" \/>\n<meta property=\"og:title\" content=\"Inicio - Sais Segura S.L.\" \/>\n<meta property=\"og:description\" content=\"Moviendo metal con eficiencia:Tu Empresa de Confianza de Suministro y Transporte Contacto Presupuesto Tu Enlace Vital en la Cadena de Suministro: Transporte y Log\u00edstica de Materiales Metal\u00fargicos Productos Gelosia Corrugado Encarretado Mallas Cont\u00e1ctanos He le\u00eddo y acepto aviso legal y las pol\u00edtica de privacidad.\" \/>\n<meta property=\"og:url\" content=\"https:\/\/saissegura.es\/\" \/>\n<meta property=\"og:site_name\" content=\"Sais Segura S.L.\" \/>\n<meta property=\"article:modified_time\" content=\"2025-05-02T14:36:12+00:00\" \/>\n<meta property=\"og:image\" content=\"https:\/\/saissegura.es\/wp-content\/uploads\/2024\/07\/IMG_2762-300x300.jpg\" \/>\n<meta name=\"twitter:card\" content=\"summary_large_image\" \/>\n<meta name=\"twitter:label1\" content=\"Tiempo de lectura\" \/>\n\t<meta name=\"twitter:data1\" content=\"3 minutos\" \/>\n<script type=\"application\/ld+json\" class=\"yoast-schema-graph\">{\"@context\":\"https:\/\/schema.org\",\"@graph\":[{\"@type\":\"WebPage\",\"@id\":\"https:\/\/saissegura.es\/\",\"url\":\"https:\/\/saissegura.es\/\",\"name\":\"Inicio - Sais Segura S.L.\",\"isPartOf\":{\"@id\":\"https:\/\/saissegura.es\/#website\"},\"datePublished\":\"2019-07-15T09:03:36+00:00\",\"dateModified\":\"2025-05-02T14:36:12+00:00\",\"breadcrumb\":{\"@id\":\"https:\/\/saissegura.es\/#breadcrumb\"},\"inLanguage\":\"es\",\"potentialAction\":[{\"@type\":\"ReadAction\",\"target\":[\"https:\/\/saissegura.es\/\"]}]},{\"@type\":\"BreadcrumbList\",\"@id\":\"https:\/\/saissegura.es\/#breadcrumb\",\"itemListElement\":[{\"@type\":\"ListItem\",\"position\":1,\"name\":\"Portada\",\"item\":\"https:\/\/saissegura.es\/\"},{\"@type\":\"ListItem\",\"position\":2,\"name\":\"Inicio\"}]},{\"@type\":\"WebSite\",\"@id\":\"https:\/\/saissegura.es\/#website\",\"url\":\"https:\/\/saissegura.es\/\",\"name\":\"Sais Segura S.L.\",\"description\":\"\",\"potentialAction\":[{\"@type\":\"SearchAction\",\"target\":{\"@type\":\"EntryPoint\",\"urlTemplate\":\"https:\/\/saissegura.es\/?s={search_term_string}\"},\"query-input\":\"required name=search_term_string\"}],\"inLanguage\":\"es\"}]}<\/script>\n<!-- \/ Yoast SEO plugin. -->","yoast_head_json":{"title":"Inicio - Sais Segura S.L.","robots":{"index":"index","follow":"follow","max-snippet":"max-snippet:-1","max-image-preview":"max-image-preview:large","max-video-preview":"max-video-preview:-1"},"canonical":"https:\/\/saissegura.es\/","og_locale":"es_ES","og_type":"article","og_title":"Inicio - Sais Segura S.L.","og_description":"Moviendo metal con eficiencia:Tu Empresa de Confianza de Suministro y Transporte Contacto Presupuesto Tu Enlace Vital en la Cadena de Suministro: Transporte y Log\u00edstica de Materiales Metal\u00fargicos Productos Gelosia Corrugado Encarretado Mallas Cont\u00e1ctanos He le\u00eddo y acepto aviso legal y las pol\u00edtica de privacidad.","og_url":"https:\/\/saissegura.es\/","og_site_name":"Sais Segura S.L.","article_modified_time":"2025-05-02T14:36:12+00:00","og_image":[{"url":"https:\/\/saissegura.es\/wp-content\/uploads\/2024\/07\/IMG_2762-300x300.jpg"}],"twitter_card":"summary_large_image","twitter_misc":{"Tiempo de lectura":"3 minutos"},"schema":{"@context":"https:\/\/schema.org","@graph":[{"@type":"WebPage","@id":"https:\/\/saissegura.es\/","url":"https:\/\/saissegura.es\/","name":"Inicio - Sais Segura S.L.","isPartOf":{"@id":"https:\/\/saissegura.es\/#website"},"datePublished":"2019-07-15T09:03:36+00:00","dateModified":"2025-05-02T14:36:12+00:00","breadcrumb":{"@id":"https:\/\/saissegura.es\/#breadcrumb"},"inLanguage":"es","potentialAction":[{"@type":"ReadAction","target":["https:\/\/saissegura.es\/"]}]},{"@type":"BreadcrumbList","@id":"https:\/\/saissegura.es\/#breadcrumb","itemListElement":[{"@type":"ListItem","position":1,"name":"Portada","item":"https:\/\/saissegura.es\/"},{"@type":"ListItem","position":2,"name":"Inicio"}]},{"@type":"WebSite","@id":"https:\/\/saissegura.es\/#website","url":"https:\/\/saissegura.es\/","name":"Sais Segura S.L.","description":"","potentialAction":[{"@type":"SearchAction","target":{"@type":"EntryPoint","urlTemplate":"https:\/\/saissegura.es\/?s={search_term_string}"},"query-input":"required name=search_term_string"}],"inLanguage":"es"}]}},"_links":{"self":[{"href":"https:\/\/saissegura.es\/index.php\/wp-json\/wp\/v2\/pages\/51"}],"collection":[{"href":"https:\/\/saissegura.es\/index.php\/wp-json\/wp\/v2\/pages"}],"about":[{"href":"https:\/\/saissegura.es\/index.php\/wp-json\/wp\/v2\/types\/page"}],"author":[{"embeddable":true,"href":"https:\/\/saissegura.es\/index.php\/wp-json\/wp\/v2\/users\/1"}],"replies":[{"embeddable":true,"href":"https:\/\/saissegura.es\/index.php\/wp-json\/wp\/v2\/comments?post=51"}],"version-history":[{"count":118,"href":"https:\/\/saissegura.es\/index.php\/wp-json\/wp\/v2\/pages\/51\/revisions"}],"predecessor-version":[{"id":497,"href":"https:\/\/saissegura.es\/index.php\/wp-json\/wp\/v2\/pages\/51\/revisions\/497"}],"wp:attachment":[{"href":"https:\/\/saissegura.es\/index.php\/wp-json\/wp\/v2\/media?parent=51"}],"curies":[{"name":"wp","href":"https:\/\/api.w.org\/{rel}","templated":true}]}}